 132. Calculate i(5).
53
Let s(b) = 6*b**2 + 2*b + 1. Determine s(-1).
5
Let z(i) = -i**3 + 5*i**2 - 3*i + 7. Determine z(5).
-8
Let j(v) = v**3 + 6*v**2 - 7*v - 2. What is j(-7)?
-2
Let t(v) = -v**3 + 16*v**2 + 16*v + 18. Calculate t(17).
1
Let k(v) = -7*v**2 - 19*v + 26. Give k(-4).
-10
Let i(v) = -v**3 + 7*v**2 - 5*v + 3. Calculate i(6).
9
Let s(j) = j**2 + 1. Calculate s(0).
1
Let t(i) = i**3 - i**2 - 6*i - 4. What is t(-2)?
-4
Let v(m) = 14*m - 23. Give v(8).
89
Let d(b) = -2*b**2 - 4*b + 4. Calculate d(-5).
-26
Let i(u) = -37*u. Calculate i(-2).
74
Let o(z) = z**3 - 23*z**2 + 21*z + 17. Calculate o(22).
-5
Let p(r) = -2*r + 14. What is p(4)?
6
Let f(d) = 6*d + 2. What is f(-2)?
-10
Let y(p) = -p - 16. What is y(-34)?
18
Let u(s) = -s**3 + 13*s**2 - 10*s + 34. Determine u(12).
58
Let x(s) = 5*s - 14. What is x(10)?
36
Let v(r) = 2*r**2 - 25*r + 90. Calculate v(12).
78
Let q(f) = -f**2 + 9*f - 6. Determine q(9).
-6
Let k(w) = -3*w - 28. Determine k(-7).
-7
Let u(q) = -5*q**3 + 2*q**2 + 2*q. What is u(-1)?
5
Let z(o) = -4*o - 5. Calculate z(-2).
3
Let n(m) = m**2 + 2*m - 56. Determine n(-8).
-8
Let y(q) = q**3 - 2*q**2 - 5*q + 7. Calculate y(4).
19
Let n(r) = 21*r - 3. Determine n(4).
81
Let h(u) = -2*u - 2. Calculate h(-4).
6
Let r(z) = 12*z - 3. Calculate r(2).
21
Let t(b) = -b**2 - 8*b + 156. Give t(9).
3
Let d(r) = r**2 + 4*r - 7. Determine d(-6).
5
Let i(g) = -5*g + 14. Determine i(4).
-6
Let t(s) = s**2 + 7*s - 4. Give t(-8).
4
Let b(z) = z + 25. Calculate b(0).
25
Let a(s) = 14*s + 183. Give a(-13).
1
Let z(i) = 2*i**3 - 12*i**2 + i - 8. Determine z(6).
-2
Let y(t) = -2*t**2 + 15*t + 28. What is y(-2)?
-10
Let k(d) = 45*d**2 - 3*d + 1. What is k(1)?
43
Let x(j) = 3*j**2 + 54*j + 3. Give x(-18).
3
Let d(n) = 2*n**2 - 2*n + 2. Calculate d(1).
2
Let t(j) = j**3 - 7*j**2 + 4*j + 6. What is t(6)?
-6
Let d(l) = -14*l - 414. What is d(-30)?
6
Let a(v) = 16*v + 26. What is a(-6)?
-70
Let j(b) = b**3 - 21*b**2 - 20*b - 46. Determine j(22).
-2
Let z(l) = l**2 - 46*l + 83. What is z(44)?
-5
Let r(x) = x**3 + 3*x**2 + 3*x. Determine r(-3).
-9
Let c(b) = -b**2 + 33*b + 3. Give c(0).
3
Let y(z) = z**2 - 7*z + 2. Calculate y(5).
-8
Let b(m) = m**2 + 11*m + 5. What is b(-11)?
5
Let z(d) = -2*d - 35. Calculate z(-18).
1
Let f(u) = u**2 + 2*u - 7. Determine f(4).
17
Let k(v) = -v**3 + 5*v**2 + 4*v - 7. Give k(6).
-19
Let v(j) = -j**2 + 8*j + 39. Calculate v(11).
6
Let n(k) = -4*k**2 + 52*k - 10. Calculate n(13).
-10
Let u(v) = v**2 - 6*v + 5. Determine u(6).
5
Let n(v) = 2*v**2 - 4*v + 3. Calculate n(2).
3
Let u(r) = -r**3 - r + 18. Calculate u(0).
18
Let i(n) = 24*n**2 + 6*n - 9. Determine i(1).
21
Let j(k) = -2*k**2 - 2*k + 1. Calculate j(-3).
-11
Let d(i) = -i**3 + 2*i**2 - i + 19. What is d(0)?
19
Let c(s) = -4*s - 95. What is c(-22)?
-7
Let t(o) = o**3 - 7*o**2 - 5*o - 14. Give t(8).
10
Let n(j) = 5*j - 8. Calculate n(2).
2
Let t(y) = -y**3 - 8*y**2 + 3*y + 4. Calculate t(-8).
-20
Let h(y) = 15*y - 67. Calculate h(9).
68
Let i(a) = -a - 2. What is i(-4)?
2
Let r(t) = -3*t**3 + 21*t**2 + 7*t - 52. Calculate r(7).
-3
Let o(a) = 7*a + 46. Determine o(-6).
4
Let d(s) = -3*s - 70. Give d(-17).
-19
Let y(f) = f**2 - 39. Give y(6).
-3
Let m(l) = 2*l + 15. What is m(-9)?
-3
Let k(j) = -6*j - 6. Determine k(3).
-24
Let v(m) = -14*m + 57. Calculate v(5).
-13
Let h(w) = -3*w**2 + 6. Give h(-3).
-21
Let b(m) = -2*m**2 + 16*m. Give b(8).
0
Let l(d) = -5*d - 107. Calculate l(-22).
3
Let j(k) = -k**2 - 15*k + 2. Give j(-16).
-14
Let m(y) = -26*y - 155. Give m(-6).
1
Let j(o) = -8*o + 53. Give j(7).
-3
Let t(z) = -10*z - 16. Give t(-2).
4
Let i(d) = -31*d - 63. What is i(-3)?
30
Let p(l) = -l**2 + 17*l. What is p(15)?
30
Let x(z) = z**3 + 11*z**2 - 11*z + 15. What is x(-12)?
3
Let r(w) = -26*w - 6. Determine r(-4).
98
Let i(v) = v**2 - 5*v - 13. What is i(10)?
37
Let v(z) = -z**2 - 15*z - 26. Determine v(-14).
-12
Let j(p) = -6*p**2 - 3*p + 3. Determine j(-2).
-15
Let z(f) = -6*f**2 - f - 36. Calculate z(0).
-36
Let x(g) = g**3 - g**2 + 18. Give x(0).
18
Let v(x) = -x**3 - 6*x**2 - 5*x - 15. What is v(-5)?
-15
Let m(k) = -3*k**3 + 3*k**2 - 20. Determine m(0).
-20
Let r(v) = v**3 + 11*v**2 + 10*v - 3. What is r(-10)?
-3
Let w(u) = u**3 + 3*u**2 - 21*u - 20. Calculate w(-6).
-2
Let u(s) = -s - 1. Give u(-5).
4
Let w(b) = -35*b + 265. What is w(8)?
-15
Let u(p) = p**3 + p**2 - 2*p + 6. Give u(0).
6
Let g(y) = -2*y**3 + 14*y**2 + 19*y - 20. What is g(8)?
4
Let z(o) = o**3 - 6*o**2 - 5*o + 33. What is z(3)?
-9
Let y(a) = 3*a**2 + 4*a + 4. Give y(-3).
19
Let b(a) = -a - 29. Give b(-11).
-18
Let f(p) = p**3 - p**2 - p - 8. Give f(0).
-8
Let w(l) = 62*l + 1677. Determine w(-27).
3
Let v(n) = 17*n**3 - 2*n**2 - n + 2. What is v(-1)?
-16
Let l(u) = 15*u - 9. Determine l(1).
6
Let q(f) = -f**3 - 5*f**2 + 48*f + 157. Give q(-3).
-5
Let r(j) = -j + 3. Calculate r(3).
0
Let a(f) = 2*f**3 - 90*f**2 - 3*f + 135. Determine a(45).
0
Let m(a) = -24*a - 100. Give m(-4).
-4
Let n(w) = -2*w + 10. What is n(12)?
-14
Let l(y) = 6*y - 8. Give l(6).
28
Let p(n) = -n**2 - 3*n + 5. Determine p(3).
-13
Let d(w) = -w**3 - 6*w**2 + 11*w - 5. What is d(-8)?
35
Let c(j) = -j**2 - j + 10. Determine c(-5).
-10
Let q(a) = 18*a + 3. Give q(-2).
-33
Let j(c) = -c**3 - 8*c**2 - 3*c - 17. Determine j(-8).
7
Let h(q) = -q**2 + 6*q + 17. Give h(7).
10
Let f(z) = 3*z**2 + 9*z + 7. Calculate f(-3).
7
Let r(i) = i**3 - 6*i**2 + 9*i - 11. Give r(4).
-7
Let q(r) = r**3 - 2*r**2 + 3*r - 5. What is q(2)?
1
Let d(h) = h**3 - 6*h**2 - 186*h + 1119. What is d(6)?
3
Let j(l) = -l**2 + 11*l - 19. Determine j(9).
-1
Let r(f) = -f**2 + 5*f + 4. Calculate r(7).
-10
Let x(i) = -i**3 - 8*i**2 - 5*i + 9. What is x(-7)?
-5
Let f(z) = -z**2 - 15*z - 26. What is f(-14)?
-12
Let f(k) = -k**3 + 6*k**2 + 7*k + 2. Give f(6).
44
Let l(h) = -2*h - 37. Give l(-12).
-13
Let v(z) = 3*z + 1. What is v(8)?
25
Let t(l) = 5*l**2 + 90*l + 4. Calculate t(-18).
4
Let k(h) = -h**2 + 17*h + 16. Calculate k(18).
-2
Let q(f) = 6*f + 86. Give q(-14).
2
Let t(k) = -6*k + 17. Calculate t(-9).
71
Let h(w) = 40*w**2 + 4*w - 4. Give h(1).
40
Let l(k) = 9*k - 75. Give l(6).
-21
Let k(g) = -3*g**2 - 12*g - 19. What is k(-8)?
-115
Let b(n) = n**2 + 5*n - 11. What is b(-7)?
3
Let c(d) = 4*d**2 + 26*d + 3. Give c(-7).
17
Let b(o) = -4*o - 21. Calculate b(-7).
7
Let m(g) = -g**3 + 6*g**2 - 8*g - 1. What is m(3)?
2
Let i(s) = -2*s**2 - 2*s - 21. What is i(-6)?
-81
Let d(y) = -2*y**2 - 35*y - 115. What is d(-14)?
-17
Let o(f) = -3*f**2 + 3*f + 4. Calculate o(-2).
-14
Let y(s) = s**3 - 16*s**2 + 59*s + 1. Determine y(10).
-9
Let u(p) = -118*p - 6. What is u(2)?
-242
Let j(a) = 59*a - 1527. Give j(26).
7
Let j(m) = m**3 + 14*m**2 + 46*m - 18. Calculate j(-8).
-2
Let s(u) = -2*u**2 - 7*u + 6. Give s(-10).
-124
Let f(m) = -2*m - 1. Give f(-7).
13
Let p(y) = -y**3 + 11*y**2 + 15*y - 11. Determine p(12).
25
Let n(j) = j**3 - 5*j**2 + 3*j. Give n(4).
-4
Let q(z) = -z**3 - 41*z**2 + 3*z + 102. Determine q(-41).
-21
Let v(d) = 2*d**2 - 60*d + 63. What is v(29)?
5
Let b(h) = h**3 - 6*h**2 + 7*h - 1. Give b(5).
9
Let s(n) = 2*n**2 + 14*n - 11. Give s(-11).
77
Let m(d) = d**2 + 7*d + 7. Give m(-5).
-3
Let f(b) = -b**3 + 8*b**2 + 3*b - 13. Determine f(8).
11
Let q(s) = -9*s - 6. Give q(-5).
39
Let s(j) = -j**3 - 2*j**2 + j + 34. Give s(0).
34
Let w(n) = -n**3 + 11*n**2 + 11*n + 6. Give w(12).
-6
Let x(w) = -27*w**2 - w - 1. What is x(-1)?
-27
Let m(l) = l**2 + 7*l + 2. Give m(-5).
-8
Let f(i) = -i**2 - 12*i - 20. Calculate f(-8).
12
Let l(q) = -2*q**3 - 16*q**2 - 2*q - 10. Calculate l(-8).
6
Let b(y) = -y**3 + y**2 - 10. What is b(4)?
-58
Let l(u) = -u**2 - 7*u - 4. Determine l(-7).
-4
Let c(v) = v**2 - 5*v - 1. Determine c(-2).
13
Let k(y) = -y**3 + 8*y**2 + 21*y + 2. What is k(10)?
12
Let j(k) = -k**2 + 30*k + 225. Determine j(36).
9
Let i(n) = -16*n + 9. Give i(5).
-71
Let y(a) = -23*a - 2. Calculate y(1).
-25
Let c(z) = -6*z + 16. Determine c(3).
-2
Let h(t) = 8*t - 23. Determine h(3).
1
Let h(n) = 4*n + 9. Determine h(-6).
-15
Let b(z) = z**3 - 2*z + 1. What is b(0)?
1
Let s(v) = v**3 - 4*v**2 + 4*v - 25. Calculate s(4).
-9
Let y(h) = h - 21. What is y(15)?
-6
Let s(c) = 2*c + 33. Give s(-5).
23
Let i(g) = -9*g**3 - 4*g**2 + 2. Determine i(2).
-86
Let z(m) = m